f s?
2, 3, 5
Suppose 0 = 3*l - 2*l - j - 3051, 0 = 4*l - 2*j - 12206. Suppose c - 10 + 14 = 0, -4*c = -3*t + l. List the prime factors of t.
2, 11, 23
Let x be 70270/24 - (-8)/96. Suppose 5*m + 3*y - x = 0, 20*m + 4*y + 2921 = 25*m. List the prime factors of m.
3, 5, 13
Let j(c) = 2*c + 21. Let t be j(-9). Suppose t*s = 12*s - 189. Suppose 3 = 4*p + 3*x, 0*x - s = -5*p + 2*x. List the prime factors of p.
3
Suppose -3*a = -5*i - 0*a + 393, 0 = 4*a + 4. Suppose 2*z = 4*z + i. List the prime factors of (0 - (-20)/3)*z/(-2).
2, 5, 13
Let x(b) = -b**3 + b - 1. Let z(s) = 7*s**3 - 11*s**2 - 15*s + 17. Let u(v) = -6*x(v) - z(v). What are the prime factors of u(10)?
179
Suppose -5*z + 19*c = 16*c - 6594, 5*c - 10 = 0. Suppose -2*r - j + z = 0, 16*r - 649 = 15*r + 5*j. List the prime factors of r.
659
Let n = -121844 - -179203. List the prime factors of n.
41, 1399
Let j(g) = 4*g**2 + 7*g - 10. Let h be j(-3). Suppose f + 4*x = -17 + 114, 0 = f + h*x - 96. List the prime factors of f.
101
Let v = -539 + 18. List the prime factors of -2 - (5 + 1 + v).
3, 19
What are the prime factors of (-10)/270*-6 - (-115660)/36?
3, 7, 17
Suppose -3*n = 9, -n - 3*n = -3*v + 21. Suppose -4*u + 460 = -3*d, -v*u + 4*d + 102 = -2*u. What are the prime factors of u?
2, 59
Let p(n) = 355*n**2 + 2*n + 2. Let h be p(-1). Suppose -5*a - 5*k = -h, 2*a - 8*k - 150 = -12*k. What are the prime factors of a?
67
Suppose 4*r + r - 29 = -4*x, 3 = 3*x. Let h(f) be the first derivative of f**4/2 - 5*f**3/3 - f**2 - 11*f + 6. What are the prime factors of h(r)?
2, 13
Suppose 5*r = 1 + 24. Suppose -r - 31 = 12*g. What are the prime factors of (88 - 1 - -5) + (-1 - g)?
2, 47
Let z = -224 - -1044. Suppose 0 = 2*c - z + 60. What are the prime factors of c?
2, 5, 19
Suppose 0 = -m + 4*m - 51. Suppose 18*t - 6 = m*t. Suppose -t*f = -8*f + 112. What are the prime factors of f?
2, 7
Let q(r) = 952*r**2 + 28*r + 79. List the prime factors of q(-3).
8563
Suppose v + 2 = -h, -16 = -9*h + 12*h + 5*v. Suppose -5*n - 4*o + h*o = -788, 0 = 2*n - o - 311. What are the prime factors of n?
157
Let z(i) = -93*i - 7. Let l be z(2). Let p = -127 - l. Suppose -3*o = -4*o + p. What are the prime factors of o?
2, 3, 11
Suppose -48*z - 1659844 = -130*z. What are the prime factors of z?
2, 29, 349
Let n be (-2 + 3)/(24/9912). Suppose -271 = -w + n. What are the prime factors of w?
2, 3, 19
Suppose 0 = 358*w - 329*w - 51533. What are the prime factors of w?
1777
Suppose 27*w - 641459 = 41479. List the prime factors of w.
2, 12647
Let g = 2539 - -29382. What are the prime factors of g?
137, 233
Suppose -4*r - 916 = -4*t, -147 = -3*t - 2*r + 520. Suppose y - t = -2*d, 3*y + 4*d - d - 687 = 0. List the prime factors of y.
233
What are the prime factors of (-34540 + 64)*(-5)/10?
2, 3, 13, 17
Let n(k) = -1418*k - 14. What are the prime factors of n(-1)?
2, 3, 13
Let d be (-13)/((-91)/15804)*(-28)/(-4). List the prime factors of (-26)/(-247) - d/(-38).
2, 13
Suppose 4*r - 6*y - 83062 = 0, -4*r - 21*y + 83069 = -26*y. List the prime factors of r.
2, 7, 53
Suppose 5*r + 1455 = 3*x, -7*r - 1940 = -4*x - 4*r. Suppose -2*f = -o - x, 9*f - 1218 = 4*f - 3*o. List the prime factors of f.
3
What are the prime factors of (-331760)/(-24) + (2 - (-63)/(-27))?
23, 601
Let l(p) = -55*p + 26. Let d be l(6). Let w = 610 + d. What are the prime factors of w?
2, 3, 17
Let y = 674 + -602. Suppose -l + 704 = y. List the prime factors of l.
2, 79
Let h = -24497 - -40446. What are the prime factors of h?
41, 389
Let n = 643 - 638. Suppose -3*t + 4*q + 4764 - 1762 = 0, -n*q = 2*t - 2032. What are the prime factors of t?
2, 503
Suppose 5721 = -5*b + 14616. Suppose b = t + 1003. What are the prime factors of t?
2, 97
Let h(g) = -65*g**3 - 5*g**2 - 13*g - 1. Let t be h(-2). Suppose i + 2*z = -3*z + t, -i - 3*z = -533. List the prime factors of i.
5, 109
Let l be (236*-5)/(-5) + (-2 - 3). What are the prime factors of l*1 + 0 + 0 - 4?
227
Let n = -493 - -873. Suppose -58*w + 60*w - n = 0. What are the prime factors of w?
2, 5, 19
Let v be -3 + (-5)/(-4)*4. Suppose 38 = v*z - 300. Suppose -z = 7*x - 1142. List the prime factors of x.
139
Let p(t) = 302*t - 361. What are the prime factors of p(5)?
3, 383
Suppose l + 11 = 15, 4*g - 4*l - 892 = 0. Suppose 7*z - g = 53. What are the prime factors of z?
2, 5
Let f(x) = x**3 - 3*x**2 - 5*x + 6. Let g be f(4). Suppose -1187 + 235 = -g*h. What are the prime factors of h?
2, 7, 17
Let k(n) = -134 - 5*n + 130 - 27*n. Let d be k(3). Let s = 202 + d. List the prime factors of s.
2, 3, 17
Let l = -82 + 84. Suppose -l*g + 0 = -6. Suppose 6 = 3*y, 5 + 4 = g*b - 3*y. What are the prime factors of b?
5
What are the prime factors of (15066/62)/((-6)/(-316))?
2, 3, 79
Suppose 4*t = -4*r + 2406 + 2938, r - 1321 = 4*t. List the prime factors of r.
31, 43
Let g(r) = -106*r + 75. Let k be g(10). List the prime factors of k/(-2) + (-42)/(-12).
2, 31
Let k = -2898 + 21092. What are the prime factors of k/44 - (-2)/4?
2, 3, 23
Let c be (111 - 120) + (9 - 0). Suppose -100*v + 99*v + 418 = c. List the prime factors of v.
2, 11, 19
Let l = -302 + 1022. Suppose -74*o + 79*o - l = 0. List the prime factors of o.
2, 3
Let r be 1*(4/7)/((-2)/(-7)). Suppose -34 = -4*b - r*t, 0*b = 2*b - 4*t + 8. Suppose -10*m + b*m + 164 = 0. List the prime factors of m.
41
Let z = 6309 - 1692. What are the prime factors of z?
3, 19
Let t(u) = 596*u - 3559. Let f be t(6). Let d be (-1)/(-4) - (-670)/8. Suppose f*r = 20*r - d. What are the prime factors of r?
2, 7
Let k(p) = 22533*p + 5686. List the prime factors of k(3).
5, 14657
Suppose -11*l + 10*l + 15 = 0. Suppose -l*h = -11*h - 8. Suppose -h*o + 592 = -2*i, -4*o - o - 4*i + 1444 = 0. List the prime factors of o.
2, 73
Let i(w) be the first derivative of -18*w**3 - 21*w + 13*w - 4*w**2 - 21 + 19*w**3. What are the prime factors of i(7)?
83
Suppose -3*x + 3*p + 453 = 0, 4*p - 38 = -3*x + 415. Let n = -83 + x. Suppose 3*s = n + 7. List the prime factors of s.
5
Let a(o) = -4929*o - 7 + 0*o**2 - o**2 + 4945*o. What are the prime factors of a(14)?
3, 7
Let y(d) = -d**3 - 11*d**2 + 10*d - 15. Let t be y(-12). Let l = 29 - t. Suppose -m = -3*m + l. What are the prime factors of m?
2, 5
Suppose 4*h = -g + 96075, 45*h - 46*h - 5*g + 24014 = 0. What are the prime factors of h?
24019
List the prime factors of 11715472/192 + (-7)/84.
2, 30509
Let u = 126122 + -84166. What are the prime factors of u?
2, 17, 617
Suppose 832*a + 422744 + 804006 = 902*a. What are the prime factors of a?
5, 701
What are the prime factors of ((-1)/(6/(-20754)))/((-12)/(-24))?
2, 3, 1153
Suppose -4 = -3*b + 11. Let j be (-1)/b - (-20)/100. Suppose j = -2*z, -z + 250 = -m + 3*m. What are the prime factors of m?
5
Let x = 1190 - 1711. Let a = x - -952. Let p = a - 298. List the prime factors of p.
7, 19
Suppose 15 = q - 3*i, q = 2*i + 6 + 9. What are the prime factors of ((-1413)/q)/(3/(-15)) + -3?
2, 3, 13
Suppose -103*n + 100*n = -5097. Suppose 21*x + 4*a = 18*x + 2559, -2*x + n = 5*a. List the prime factors of x.
857
Suppose 3*u = t - 5908, 256*t - 253*t = -4*u + 17737. What are the prime factors of t?
23, 257
Let a be (3/(-1))/(-1) + 24. Suppose -30*d = -36*d + 78. Let u = a - d. What are the prime factors of u?
2, 7
Let i(v) = -v**3 - 4*v**2 + 6*v + 7. Let j be i(-3). Let c(k) = -10*k + 90. List the prime factors of c(j).
2, 5, 29
Let h(z) = -z**3 - 23*z**2 - 23*z - 19. Let q be h(-22). Suppose 0 = -9*c + q*c + 1176. Suppose -3*y + 679 - c = 0. List the prime factors of y.
7, 23
Let p(m) = -9*m - 35. Let q be p(-5). Let i be -1 + 8/q + (-22)/(-10). Suppose -o = -2*g - 4*o + 321, 0 = -2*g - i*o + 324. What are the prime factors of g?
3, 5, 11
Let y = 19329 + -13695. List the prime factors of y.
2, 3, 313
What are the prime factors of ((-432)/252)/((-8)/46844)?
2, 3, 7, 239
Let m be (-8)/(-3)*(14 - 19/2). Let q(h) = 25*h**2 - 165*h + 23. List the prime factors of q(m).
31, 53
Suppose -9*t + 4*t + 135 = 0. Suppose 2*w = -r - 7, -4*r + 6*w = 3*w - t. List the prime factors of 113 + -3 + (-3)/(r/(-1)).
3, 37
Suppose 2*q + 3*k = 5*k + 10, 7 = 5*q + 4*k. Suppose -5*b + 1440 = q*c - 4*c, 3*b - 5*c = 886. List the prime factors of b.
7, 41
Let g(p) = -8*p**3 - 12*p**2 - 8*p + 2. Let j(m) = m**3 + 2*m**2 + m. Let y(b) = 3*g(b) + 